69 is divided by 521883.
2
What is the remainder when 1573872 is divided by 3309?
2097
What is the remainder when 51382914 is divided by 27?
24
Calculate the remainder when 1650169 is divided by 420.
409
Calculate the remainder when 1606311 is divided by 802950.
411
Calculate the remainder when 17201010 is divided by 1228631.
176
Calculate the remainder when 7749136 is divided by 46.
22
What is the remainder when 4106509 is divided by 4106420?
89
Calculate the remainder when 974233 is divided by 487047.
139
Calculate the remainder when 9343382 is divided by 3114452.
26
What is the remainder when 1501 is divided by 692?
117
Calculate the remainder when 5345578 is divided by 49041.
109
Calculate the remainder when 53269 is divided by 105.
34
Calculate the remainder when 154520 is divided by 154469.
51
Calculate the remainder when 2530227 is divided by 2530218.
9
What is the remainder when 140215 is divided by 35004?
199
What is the remainder when 16723319 is divided by 14?
11
Calculate the remainder when 1140601 is divided by 95031.
229
Calculate the remainder when 287918 is divided by 287912.
6
What is the remainder when 94003 is divided by 4644?
1123
Calculate the remainder when 408755 is divided by 236.
3
What is the remainder when 42720365 is divided by 2337?
5
Calculate the remainder when 12478 is divided by 830.
28
Calculate the remainder when 311450 is divided by 1145.
10
Calculate the remainder when 19144317 is divided by 2127144.
21
What is the remainder when 2792973 is divided by 199497?
15
What is the remainder when 46475 is divided by 9141?
770
Calculate the remainder when 3323948 is divided by 13138.
34
What is the remainder when 1259112 is divided by 18248?
0
Calculate the remainder when 68454 is divided by 16931.
730
Calculate the remainder when 331038 is divided by 66172.
178
Calculate the remainder when 315378 is divided by 4040.
258
Calculate the remainder when 25058149 is divided by 3639.
3634
What is the remainder when 63935 is divided by 41?
16
Calculate the remainder when 2677620 is divided by 65.
10
What is the remainder when 31608209 is divided by 705?
239
Calculate the remainder when 10386362 is divided by 1731056.
26
What is the remainder when 5846192 is divided by 599?
551
What is the remainder when 69202 is divided by 1420?
1042
Calculate the remainder when 6521183 is divided by 124.
23
What is the remainder when 1506130 is divided by 376461?
286
What is the remainder when 15239896 is divided by 2803?
2788
What is the remainder when 403428 is divided by 304?
20
Calculate the remainder when 130795497 is divided by 22.
19
Calculate the remainder when 60071 is divided by 6448.
2039
What is the remainder when 26864 is divided by 417?
176
What is the remainder when 1689461411 is divided by 12052?
12051
Calculate the remainder when 14867283 is divided by 183.
180
What is the remainder when 77060 is divided by 1411?
866
What is the remainder when 38509942 is divided by 9671?
20
What is the remainder when 604950 is divided by 37596?
3414
What is the remainder when 89856 is divided by 1936?
800
Calculate the remainder when 7690632 is divided by 154.
26
Calculate the remainder when 925377 is divided by 38556.
33
Calculate the remainder when 898109 is divided by 128294.
51
Calculate the remainder when 11577814 is divided by 27.
25
Calculate the remainder when 8624067 is divided by 2441.
14
Calculate the remainder when 2274608 is divided by 568407.
980
What is the remainder when 8588018 is divided by 2862671?
5
What is the remainder when 151086403 is divided by 75543196?
11
What is the remainder when 24048 is divided by 12000?
48
Calculate the remainder when 225844 is divided by 112905.
34
What is the remainder when 628436744 is divided by 4259?
4258
Calculate the remainder when 190938 is divided by 95198.
542
Calculate the remainder when 27335203 is divided by 854225.
3
Calculate the remainder when 1497407 is divided by 136123.
54
Calculate the remainder when 28394999 is divided by 28394973.
26
What is the remainder when 29601 is divided by 2822?
1381
Calculate the remainder when 29089007 is divided by 984.
983
Calculate the remainder when 34018937 is divided by 109.
37
What is the remainder when 515367 is divided by 1631?
1602
What is the remainder when 10564093 is divided by 2129?
2124
What is the remainder when 64255 is divided by 1795?
1430
Calculate the remainder when 1783632 is divided by 2278.
2236
What is the remainder when 141262 is divided by 2170?
212
Calculate the remainder when 241096 is divided by 481.
115
Calculate the remainder when 10320 is divided by 1717.
18
Calculate the remainder when 524700 is divided by 151.
126
What is the remainder when 1441185 is divided by 2476?
153
What is the remainder when 594401 is divided by 178?
59
What is the remainder when 353613140 is divided by 11787104?
20
Calculate the remainder when 18596269 is divided by 35762.
29
Calculate the remainder when 22223858 is divided by 86.
82
What is the remainder when 21056111 is divided by 211?
210
What is the remainder when 878665 is divided by 61?
21
What is the remainder when 5544628 is divided by 18002?
12
What is the remainder when 94744942 is divided by 136?
134
Calculate the remainder when 1227236 is divided by 156.
140
What is the remainder when 8267125 is divided by 2755637?
214
What is the remainder when 97678744 is divided by 2047?
2045
Calculate the remainder when 46825282 is divided by 59726.
98
Calculate the remainder when 147676514 is divided by 18459562.
18
Calculate the remainder when 104540 is divided by 34545.
905
Calculate the remainder when 189030 is divided by 13497.
72
Calculate the remainder when 696095 is divided by 133.
106
What is the remainder when 2617694 is divided by 438?
206
What is the remainder when 234091 is divided by 15589?
256
Calculate the remainder when 748004 is divided by 498.
8
What is the remainder when 3235610 is divided by 693?
686
What is the remainder when 417551 is divided by 139165?
56
What is the remainder when 518831 is divided by 2498?
1745
Calculate the remainder when 5604087 is divided by 934014.
3
What is the remainder when 29675391 is divided by 847868?
11
Calculate the remainder when 902633 is divided by 1556.
153
Calculate the remainder when 130266803 is divided by 2492.
2487
What is the remainder when 1087391600 is divided by 102?
98
Calculate the remainder when 97111401 is divided by 156.
153
Calculate the remainder when 2608931 is divided by 14330.
871
Calculate the remainder when 61407120 is divided by 2648.
0
Calculate the remainder when 1545638 is divided by 1959.
1946
Calculate the remainder when 5115208 is divided by 122.
114
What is the remainder when 2837093 is divided by 387?
383
What is the remainder when 582990 is divided by 6668?
2874
What is the remainder when 491671 is divided by 162?
1
What is the remainder when 112921 is divided by 112488?
433
Calculate the remainder when 567452 is divided by 5208.
4988
Calculate the remainder when 9977490 is divided by 39593.
54
What is the remainder when 210411 is divided by 746?
39
Calculate the remainder when 197358 is divided by 353.
31
What is the remainder when 9027700 is divided by 25?
0
What is the remainder when 171631087 is divided by 13475?
12
Calculate the remainder when 4079835 is divided by 2039899.
37
What is the remainder when 4355263 is divided by 466?
27
What is the remainder when 147043 is divided by 7344?
163
What is the remainder when 137138774 is divided by 54?
50
What is the remainder when 22351847 is divided by 4470355?
72
Calculate the remainder when 231624 is divided by 28894.
472
What is the remainder when 240904 is divided by 18386?
1886
Calculate the remainder when 119427 is divided by 7906.
837
Calculate the remainder when 420000722 is divided by 52.
50
What is the remainder when 389403 is divided by 869?
91
Calculate the remainder when 430117 is divided by 209.
204
What is the remainder when 19809854 is divided by 39?
38
What is the remainder when 11358510 is divided by 454339?
35
What is the remainder when 62686 is divided by 31329?
28
What is the remainder when 5029780 is divided by 33?
19
Calculate the remainder when 260089 is divided by 123570.
12949
Calculate the remainder when 355706 is di